millions digit of 104558358?
4
What is the hundreds digit of 53114849?
8
What is the hundred thousands digit of 50942592?
9
What is the thousands digit of 3900652299?
2
What is the tens digit of 8811967572?
7
What is the ten millions digit of 2979213965?
7
What is the ten millions digit of 900955634?
0
What is the hundreds digit of 3612932848?
8
What is the hundreds digit of 91646160?
1
What is the ten millions digit of 2526122716?
2
What is the tens digit of 990356387?
8
What is the thousands digit of 955985970?
5
What is the tens digit of 1520771841?
4
What is the hundreds digit of 230580136?
1
What is the millions digit of 159095741?
9
What is the units digit of 121679609?
9
What is the hundreds digit of 34701481?
4
What is the hundreds digit of 4484046675?
6
What is the hundred thousands digit of 21432058?
4
What is the ten millions digit of 69890875?
6
What is the hundreds digit of 101629605?
6
What is the units digit of 214369166?
6
What is the ten thousands digit of 136491533?
9
What is the units digit of 14729993?
3
What is the ten millions digit of 221020424?
2
What is the ten thousands digit of 242768671?
6
What is the hundred thousands digit of 180048501?
0
What is the thousands digit of 39866640?
6
What is the ten thousands digit of 1122957425?
5
What is the ten millions digit of 114998490?
1
What is the ten millions digit of 40577374?
4
What is the ten thousands digit of 390832959?
3
What is the hundreds digit of 575938121?
1
What is the millions digit of 708157825?
8
What is the millions digit of 14216116?
4
What is the units digit of 1719548171?
1
What is the ten millions digit of 706601790?
0
What is the thousands digit of 95540030?
0
What is the ten thousands digit of 2021371268?
7
What is the ten thousands digit of 7869993?
6
What is the hundreds digit of 2165786583?
5
What is the tens digit of 89445645?
4
What is the hundreds digit of 1649571484?
4
What is the thousands digit of 1290191823?
1
What is the units digit of 101152669?
9
What is the hundreds digit of 125955398?
3
What is the units digit of 468499388?
8
What is the thousands digit of 693343466?
3
What is the ten millions digit of 58026765?
5
What is the thousands digit of 77005265?
5
What is the units digit of 253008172?
2
What is the millions digit of 2463298026?
3
What is the units digit of 4811202031?
1
What is the hundreds digit of 107811894?
8
What is the units digit of 144255238?
8
What is the hundred millions digit of 106852205?
1
What is the thousands digit of 36463919?
3
What is the hundred thousands digit of 137669295?
6
What is the hundreds digit of 137375019?
0
What is the thousands digit of 257147352?
7
What is the hundreds digit of 252705565?
5
What is the millions digit of 121075779?
1
What is the hundred millions digit of 600324651?
6
What is the thousands digit of 484507942?
7
What is the hundreds digit of 943398426?
4
What is the ten thousands digit of 46563374?
6
What is the hundreds digit of 240989582?
5
What is the ten thousands digit of 5679288731?
8
What is the hundreds digit of 1250001723?
7
What is the hundred thousands digit of 43922482?
9
What is the ten millions digit of 24489913?
2
What is the ten millions digit of 1356373779?
5
What is the thousands digit of 4772394258?
4
What is the units digit of 242986654?
4
What is the ten thousands digit of 433257523?
5
What is the units digit of 93960594?
4
What is the ten millions digit of 160757398?
6
What is the tens digit of 305584252?
5
What is the ten millions digit of 50535786?
5
What is the ten millions digit of 149813281?
4
What is the millions digit of 21699096?
1
What is the units digit of 844035721?
1
What is the thousands digit of 257887300?
7
What is the millions digit of 43775471?
3
What is the tens digit of 17019067?
6
What is the units digit of 616901124?
4
What is the hundreds digit of 217134584?
5
What is the hundred thousands digit of 216447122?
4
What is the millions digit of 148380255?
8
What is the hundred thousands digit of 925076472?
0
What is the tens digit of 700977400?
0
What is the hundreds digit of 2131045248?
2
What is the thousands digit of 703897273?
7
What is the ten thousands digit of 47467574?
6
What is the thousands digit of 34849622?
9
What is the ten thousands digit of 123689979?
8
What is the units digit of 5275363?
3
What is the units digit of 339053643?
3
What is the ten thousands digit of 4351843199?
4
What is the ten thousands digit of 7711239?
1
What is the millions digit of 63559518?
3
What is the hundred thousands digit of 135799?
1
What is the thousands digit of 504009167?
9
What is the hundreds digit of 64882825?
8
What is the millions digit of 406925426?
6
What is the units digit of 36791023?
3
What is the hundred thousands digit of 2653049096?
0
What is the units digit of 2971347?
7
What is the millions digit of 73329174?
3
What is the hundred thousands digit of 51346850?
3
What is the hundreds digit of 501591961?
9
What is the hundreds digit of 2824838292?
2
What is the hundreds digit of 22364935?
9
What is the hundred millions digit of 718504943?
7
What is the thousands digit of 4161352996?
2
What is the hundreds digit of 175265445?
4
What is the ten millions digit of 1107333230?
0
What is the hundreds digit of 2796177316?
3
What is the units digit of 10031479?
9
What is the millions digit of 89792298?
9
What is the units digit of 950838164?
4
What is the hundred millions digit of 106964450?
1
What is the millions digit of 19576989?
9
What is the ten thousands digit of 5235605?
3
What is the thousands digit of 37036945?
6
What is the units digit of 51430430?
0
What is the ten millions digit of 6892769311?
9
What is the hundreds digit of 1110313549?
5
What is the ten millions digit of 2416297435?
1
What is the thousands digit of 6710608723?
8
What is the hundreds digit of 25128099?
0
What is the ten thousands digit of 399228917?
2
What is the hundreds digit of 2909276770?
7
What is the units digit of 1443311915?
5
What is the hundreds digit of 514573917?
9
What is the thousands digit of 49274791?
4
What is the millions digit of 1162528893?
2
What is the hundreds digit of 2912460979?
9
What is the thousands digit of 1525574039?
4
What is the units digit of 2027943207?
7
What is the ten millions digit of 6523256311?
2
What is the hundreds digit of 4369208796?
7
What is the hundred thousands digit of 4426597055?
5
What is the tens digit of 1674729624?
2
What is the thousands digit of 401401627?
1
What is the ten millions digit of 72333296?
7
What is the units digit of 1831778?
8
What is the ten millions digit of 1444068389?
4
What is the hundred millions digit of 890582968?
8
What is the millions digit of 109462187?
9
What is the tens digit of 6557352?
5
What is the tens digit of 484672188?
8
What is the ten millions digit of 113297404?
1
What is the thousands digit of 2255942122?
2
What is the ten millions digit of 588976791?
8
What is the units digit of 1501478996?
6
What is the ten millions digit of 172132177?
7
What is the tens digit of 862322454?
5
What is the hundreds digit of 1165413665?
6
What is the hundreds digit of 80237313?
3
What is the ten millions digit of 1094328423?
9
What is the tens digit of 5375532481?
8
What is the hundred thousands digit of 62741273?
7
What is the tens digit of 114446922?
2
What is the tens digit of 691530416?
1
What is the millions digit of 827879761?
7
What is the ten millions digit of 560246148?
6
What is the thousands digit of 465917776?
7
What is the hundreds digit of 32331626?
6
What is the tens digit of 354541055?
5
What is the hundred thousands digit of 523646129?
6
What is the hundreds digit of 521281177?
1
What is the thousands digit of 117414769?
4
What is the thousands digit of 7354176?
4
What is the tens digit of 31878462?
6
What is the hundred millions digit of 140844970?
1
What is the ten millions digit of 50960244?
5
What is the millions digit of 61616063?
1
What is the hundred thousands digit of 197143794?
1
What is the tens digit of 2442342745?
4
What is the millions digit of 38161921?
8
What is the hundred thousands digit of 3999049230?
0
What is the ten millions digit of 209842314?
0
What is the tens digit of 19059823?
2
What is the hundred thousands digit of 5173448?
1
What is the hun